Let f be z(-4). What is the greatest common factor of f and 32?
16
Suppose -4*o = -6*o + 64. What is the greatest common factor of o and 96?
32
Suppose 94 = -l + 5*j, 0 = 2*l + 2*l - j + 395. Let z = l + 171. Let b(r) = 2*r**3 + r**2 - r. Let y be b(2). Calculate the greatest common divisor of z and y.
18
Suppose 16 = 4*x, 552 = 4*q + 5*x - 348. Calculate the greatest common factor of q and 88.
44
Let f = 44 + -11. Let z = -120 + 72. Let s = z - -70. Calculate the greatest common factor of s and f.
11
Suppose 0 = i + 5*i - 342. Calculate the highest common factor of i and 19.
19
Let j be 148/6 + (2 - (-8)/(-3)). Calculate the greatest common factor of 24 and j.
24
Let v(w) = -1 - 3*w + 0 - 5 + 0*w**2 + 2*w**2. Let t be v(-6). Calculate the highest common divisor of t and 21.
21
Suppose -2*s - 20 = -3*k - 0*s, -3*s = -15. Suppose -67 = -3*v + 4*c - 4, -2*c - 19 = -v. Calculate the greatest common divisor of v and k.
5
Suppose -2*t + 0*t = -4. Let l be t + (0 - (-1 - -1)). Suppose 28*j + 40 = 32*j. What is the greatest common factor of j and l?
2
Let b = -10 - -55. Calculate the greatest common factor of 315 and b.
45
Let c(s) = 75*s**2 + s - 2. Let z be c(-2). Suppose z + 64 = 3*y. Calculate the highest common factor of y and 15.
15
Let x = -12 - -12. Suppose x = -2*f + 17 + 31. What is the greatest common factor of 24 and f?
24
Let j(y) be the third derivative of y**5/60 - 5*y**4/24 + y**3/2 + 3*y**2. Let d be j(8). What is the greatest common divisor of 297 and d?
27
Suppose -82 = -5*p + 8. Suppose 75 + 5 = -4*a. Let u be ((-54)/(-5))/((-6)/a). What is the highest common divisor of u and p?
18
Let t be (-32)/144 - (-1444)/18. What is the highest common divisor of 8 and t?
8
Suppose 4*g + 3*u = 6*u + 23, 4*u + 28 = 4*g. Suppose 3*c + g = f, 2*f - 40 = c - 4*c. Suppose 74 + 10 = 4*j. What is the highest common factor of f and j?
7
Suppose -3*u + 17 = -f, -u + 5*f + 25 = 2*u. Suppose -a = -4 - u. Calculate the highest common factor of 1 and a.
1
Let n be 2/3 - 138/(-9). Suppose -n = -2*k - 2*k. Suppose -2*a + 50 = 2*h, -3*h + k*a = -h - 32. What is the highest common factor of 55 and h?
11
Let d = 2 - -4. Suppose x - 216 = n, x + n - 218 = d. Calculate the greatest common divisor of x and 20.
20
Suppose -5*u = u - 108. What is the highest common factor of 42 and u?
6
Suppose 2*w + w = 9. Suppose q = -0*o - o - w, 17 = o - 4*q. Calculate the greatest common factor of o and 7.
1
Suppose 4*l - 58 = -b, -14 = -b - l + 44. Suppose 4*o - 7*o + 2*m + 261 = 0, 435 = 5*o + 3*m. What is the greatest common factor of b and o?
29
Suppose 4*k - k = -4*z + 49, -2*k - 2*z + 32 = 0. Suppose 5*r - 10 - 5 = 0. What is the greatest common divisor of r and k?
3
Suppose -3*z = 4*j - 236, 120 = 2*j - 0*z + 2*z. What is the highest common factor of 168 and j?
56
Let b be 1 - (-3)/6*-2. Let q(c) = -c**3 + c**2 + c + 10. Let n be q(b). Let g(m) = -21*m + 5. Let a be g(-5). Calculate the greatest common factor of a and n.
10
Suppose 0 = 2*t - 3*o + 2, 2*t - o - 2 = o. Suppose t*i + 20 = 105. What is the greatest common divisor of 17 and i?
17
Let x be (11 + -8)*(-1)/6*-2. Calculate the greatest common factor of 11 and x.
1
Suppose 3*q = 5*l + 23 - 58, 0 = -4*q. Let x = l - -8. What is the greatest common divisor of x and 135?
15
Suppose 0*o = -2*o - 2, -2*o - 122 = -4*m. Suppose -16*h + 19*h - m = 0. Calculate the greatest common divisor of h and 20.
10
Let p(y) be the first derivative of y**2/2 + 1. Let s be p(3). Suppose u + 661 = 5*m, 0 = 3*u - s + 6. What is the highest common factor of m and 12?
12
Suppose -2*p = 2 - 10. What is the highest common factor of p and 10?
2
Let v be 12/9*(-6)/4. Let b be (8 - (0 + v)) + -2. Let o = 231 - 167. What is the highest common factor of o and b?
8
Let f(g) = g**3 + 21*g**2 + 26*g - 18. Let u be f(-19). What is the greatest common factor of u and 15?
15
Let u(v) = v**2 + 1 - 5 - 10*v + 7*v. Let w be u(-3). Let c be 1*2 + (3 - 3). What is the greatest common divisor of w and c?
2
Let i be 58 - 1 - 0/20. Calculate the greatest common divisor of 19 and i.
19
Suppose -5*p = -0*p - 55. Suppose -2*i + 0 = -2. What is the greatest common factor of p and i?
1
Let g be 83 + (-1)/(2/4). What is the highest common divisor of 9 and g?
9
Suppose -3*c + 177 = 3*t - 375, 3*c = -4*t + 548. Calculate the highest common factor of 47 and c.
47
Let q(j) = 3*j**2 + 3*j - 3. Let k be q(6). Suppose -x - 119 - 54 = -4*y, -3*x = -3*y + k. What is the highest common divisor of y and 11?
11
Let y(j) be the third derivative of j**5/30 - j**4/6 - 2*j**3/3 + j**2. Let h be y(-4). Let p = -10 + 21. What is the highest common factor of h and p?
11
Let c(q) = q**2 + 10*q - 10. Let j be c(-12). What is the greatest common factor of 28 and j?
14
Let l = 3 + 11. Calculate the highest common divisor of l and 98.
14
Suppose 2*m - 68 = 10. Suppose d - 1 = -c + 8, -5*d = -c - m. Let t be 4/(-6)*9/(-6). Calculate the highest common factor of d and t.
1
Let m = 109 + -84. What is the greatest common factor of m and 15?
5
Suppose -5*s + 67 = -3. Suppose 2*q = -2*q + 228. Suppose -v = -q + 1. Calculate the highest common divisor of v and s.
14
Let i(c) = -c**3 - 5*c**2 - 3*c + 2. Let h be i(-4). Let s be -2 - (-2 - (-1 + h)). Let y be 11 - (-2*1 - s). What is the greatest common factor of 80 and y?
10
Suppose 189 = 6*s - 3*s. What is the highest common factor of s and 9?
9
Let b be 153 - (-2)/6*-3. Let v(j) = -j**3 + 10*j**2 - 8*j + 10. Let r be v(9). What is the highest common factor of r and b?
19
Let v(w) = w**2 + 1. Let a be v(2). Suppose a*h - 32 = 3. Calculate the greatest common factor of h and 7.
7
Suppose r = -c + 12 + 4, 2*c - 3*r - 7 = 0. Let f be (-4)/6*(-3468)/8. Suppose -4*t = -107 - f. What is the greatest common divisor of t and c?
11
Let y(c) = -3*c + 3. Let v be y(-4). Let i = 8 - 4. Suppose 0 = -2*s - 2*r + 24, -i*s = -4*r - 32 - 0. Calculate the highest common factor of s and v.
5
Let x(o) = o**3 - 12*o**2 + 1. Suppose b + b = -5*y + 65, 0 = -3*b - 15. Suppose 2*d - 9 = y. Let z be x(d). Calculate the greatest common factor of z and 1.
1
Let a = -11 + 15. Suppose 5*z - 2*w - w - 66 = 0, 2*z + a*w = 42. Calculate the highest common divisor of 5 and z.
5
Suppose 3*y - 12 + 0 = 0. Let p be ((-30)/12)/((-1)/18). Suppose -b = y*b - p. Calculate the highest common divisor of 18 and b.
9
Let m = 220 - 145. Let d be -30*(-4)/16*2. Calculate the greatest common factor of m and d.
15
Suppose -12 = -4*m - 0*m. Suppose 0 = m*w - 13 + 4. Suppose 60 = w*u + 5*a, -2*u - a + 35 = 4*a. What is the greatest common divisor of u and 10?
5
Suppose -2*p + 7*p + 2*z - 84 = 0, 12 = p - 2*z. Let a be 10/90 - 1148/(-36). What is the highest common factor of p and a?
16
Let i be 66/(-9)*-2*(-6 - -18). Calculate the greatest common divisor of 16 and i.
16
Let q be ((2 + -128)/(-1))/2. Calculate the highest common factor of 9 and q.
9
Let z = -142 - -159. What is the highest common factor of 153 and z?
17
Let y = -33 - -37. Calculate the highest common divisor of y and 36.
4
Suppose -d + 18 = 3*k + 1, -d - 11 = -4*k. Suppose -i - 4*y + 3*y = 1, -5*i + 45 = -5*y. What is the highest common divisor of k and i?
4
Let v = 63 + -59. Let f(n) = n**3 + 5*n**2 + 2*n + 2. Let i be f(-4). Suppose -90 = -4*z + 5*m, -m - v*m = i. What is the highest common factor of z and 100?
20
Let v(b) = -b - 3. Let i be v(4). Let l = 9 + i. Calculate the highest common divisor of l and 2.
2
Let s be -2 + -2 + 187 + -1. What is the highest common factor of 26 and s?
26
Let d = 6 - 10. Let z be (-2)/4 + (-2)/d. Let k be z + 5/(-2)*-22. Calculate the highest common factor of 22 and k.
11
Suppose 5*p + 84 + 154 = 3*z, 2*z + p = 163. Let w = 117 - z. What is the greatest common divisor of 24 and w?
12
Suppose 138 = 2*y - 0*y. Let x = y + -39. What is the highest common divisor of 20 and x?
10
Suppose 17 = z - 16. Let s = 187 - 176. What is the greatest common factor of z and s?
11
Let y(b) = -b**3 - 5*b**2 - 6*b - 4. Let d be y(-4). Suppose -d*p = -4*w - 220, -3*w - 218 = -4*p + 2*w. Calculate the highest common factor of p and 19.
19
Let j = 217 + -100. Calculate the greatest common divisor of j and 13.
13
Let z(f) = 3*f**3 - 7*f**2 + 4*f + 3. Let s be z(4). What is the highest common factor of s and 9?
9